ainder when 36671 is divided by 163.
159
Calculate the remainder when 4881 is divided by 970.
31
Calculate the remainder when 15263550 is divided by 16.
14
Calculate the remainder when 7149 is divided by 3187.
775
Calculate the remainder when 3822 is divided by 3279.
543
What is the remainder when 5745 is divided by 650?
545
What is the remainder when 476678 is divided by 178?
172
What is the remainder when 3986 is divided by 283?
24
What is the remainder when 18179 is divided by 6055?
14
What is the remainder when 27595 is divided by 15?
10
What is the remainder when 6236 is divided by 1147?
501
What is the remainder when 136759 is divided by 22790?
19
Calculate the remainder when 4186 is divided by 406.
126
Calculate the remainder when 1259 is divided by 17.
1
Calculate the remainder when 2596725 is divided by 865.
860
What is the remainder when 99119 is divided by 18?
11
What is the remainder when 16489 is divided by 4092?
121
What is the remainder when 26454 is divided by 62?
42
Calculate the remainder when 2162097 is divided by 100.
97
What is the remainder when 24113 is divided by 309?
11
Calculate the remainder when 35355 is divided by 95.
15
Calculate the remainder when 109580 is divided by 5767.
7
Calculate the remainder when 716306 is divided by 862.
846
What is the remainder when 2192285 is divided by 193?
191
Calculate the remainder when 49735 is divided by 24864.
7
What is the remainder when 28737 is divided by 8?
1
Calculate the remainder when 3705 is divided by 1233.
6
Calculate the remainder when 640 is divided by 101.
34
Calculate the remainder when 67401 is divided by 22448.
57
Calculate the remainder when 4935 is divided by 9.
3
What is the remainder when 9155 is divided by 77?
69
Calculate the remainder when 544 is divided by 71.
47
What is the remainder when 3415 is divided by 496?
439
What is the remainder when 14704 is divided by 144?
16
What is the remainder when 21048 is divided by 97?
96
What is the remainder when 6997 is divided by 1157?
55
Calculate the remainder when 5000 is divided by 131.
22
Calculate the remainder when 662294 is divided by 273.
269
Calculate the remainder when 33793 is divided by 200.
193
What is the remainder when 636 is divided by 188?
72
What is the remainder when 2778 is divided by 19?
4
What is the remainder when 5614 is divided by 13?
11
What is the remainder when 85877 is divided by 740?
37
Calculate the remainder when 641663 is divided by 384.
383
What is the remainder when 485 is divided by 163?
159
Calculate the remainder when 7199 is divided by 36.
35
What is the remainder when 7638 is divided by 232?
214
What is the remainder when 306266 is divided by 39?
38
What is the remainder when 12428 is divided by 41?
5
Calculate the remainder when 2877 is divided by 19.
8
What is the remainder when 426208 is divided by 839?
835
What is the remainder when 605 is divided by 117?
20
Calculate the remainder when 20867 is divided by 211.
189
What is the remainder when 84102 is divided by 23?
14
Calculate the remainder when 2416 is divided by 486.
472
Calculate the remainder when 53940 is divided by 944.
132
Calculate the remainder when 224046 is divided by 60.
6
Calculate the remainder when 251251 is divided by 538.
5
What is the remainder when 29107 is divided by 82?
79
Calculate the remainder when 3982 is divided by 3781.
201
Calculate the remainder when 7040 is divided by 371.
362
Calculate the remainder when 1456935 is divided by 357.
18
What is the remainder when 54358 is divided by 246?
238
Calculate the remainder when 6177 is divided by 55.
17
Calculate the remainder when 78928 is divided by 620.
188
Calculate the remainder when 10787 is divided by 50.
37
Calculate the remainder when 459196 is divided by 112.
108
What is the remainder when 15571 is divided by 147?
136
Calculate the remainder when 4808 is divided by 4808.
0
What is the remainder when 3235 is divided by 190?
5
What is the remainder when 117265 is divided by 77?
71
Calculate the remainder when 42284 is divided by 24.
20
What is the remainder when 43557 is divided by 440?
437
What is the remainder when 72941 is divided by 194?
191
Calculate the remainder when 4689 is divided by 274.
31
What is the remainder when 392274 is divided by 923?
922
Calculate the remainder when 137156 is divided by 348.
44
Calculate the remainder when 3031 is divided by 16.
7
What is the remainder when 5436 is divided by 4996?
440
What is the remainder when 4066 is divided by 556?
174
What is the remainder when 7155 is divided by 481?
421
Calculate the remainder when 33306 is divided by 22.
20
What is the remainder when 948346 is divided by 478?
472
What is the remainder when 1168668 is divided by 101?
98
What is the remainder when 56201 is divided by 365?
356
What is the remainder when 1656058 is divided by 35?
33
Calculate the remainder when 72580 is divided by 181.
180
Calculate the remainder when 13614 is divided by 74.
72
Calculate the remainder when 27953 is divided by 76.
61
What is the remainder when 3814 is divided by 17?
6
Calculate the remainder when 3503 is divided by 1147.
62
What is the remainder when 85465 is divided by 14?
9
What is the remainder when 5852 is divided by 449?
15
What is the remainder when 26446 is divided by 2644?
6
What is the remainder when 1961182 is divided by 980585?
12
What is the remainder when 1384 is divided by 1290?
94
Calculate the remainder when 446 is divided by 10.
6
Calculate the remainder when 24711 is divided by 563.
502
What is the remainder when 322389 is divided by 57?
54
Calculate the remainder when 80383 is divided by 115.
113
Calculate the remainder when 1790116 is divided by 299.
3
What is the remainder when 22006 is divided by 234?
10
Calculate the remainder when 45004 is divided by 22490.
24
Calculate the remainder when 10286 is divided by 4330.
1626
Calculate the remainder when 86880 is divided by 401.
264
Calculate the remainder when 13634 is divided by 19.
11
What is the remainder when 6473 is divided by 3200?
73
What is the remainder when 122980 is divided by 1268?
1252
What is the remainder when 44121 is divided by 191?
0
What is the remainder when 352932 is divided by 155?
152
What is the remainder when 1070 is divided by 354?
8
What is the remainder when 167888 is divided by 91?
84
Calculate the remainder when 7251 is divided by 2043.
1122
Calculate the remainder when 36940 is divided by 5268.
64
What is the remainder when 981756 is divided by 944?
940
Calculate the remainder when 39381 is divided by 31.
11
What is the remainder when 104142 is divided by 184?
182
Calculate the remainder when 184571 is divided by 379.
377
What is the remainder when 886 is divided by 20?
6
Calculate the remainder when 10681 is divided by 99.
88
Calculate the remainder when 29862 is divided by 2123.
140
What is the remainder when 25515 is divided by 209?
17
Calculate the remainder when 385870 is divided by 168.
142
Calculate the remainder when 1685 is divided by 471.
272
Calculate the remainder when 1065867 is divided by 234.
231
Calculate the remainder when 2556 is divided by 731.
363
Calculate the remainder when 15687 is divided by 201.
9
What is the remainder when 413 is divided by 365?
48
What is the remainder when 2571 is divided by 338?
205
Calculate the remainder when 26939 is divided by 6733.
7
What is the remainder when 1588155 is divided by 198?
195
What is the remainder when 284 is divided by 89?
17
What is the remainder when 992 is divided by 451?
90
What is the remainder when 942 is divided by 936?
6
What is the remainder when 464327 is divided by 23216?
7
Calculate the remainder when 11020 is divided by 357.
310
What is the remainder when 167218 is divided by 22?
18
Calculate the remainder when 29636 is divided by 65.
61
What is the remainder when 199930 is divided by 176?
170
Calculate the remainder when 157066 is divided by 8.
2
Calculate the remainder when 100948 is divided by 711.
697
Calculate the remainder when 44224 is divided by 268.
4
What is the remainder when 933 is divided by 5?
3
Calculate the remainder when 13083 is divided by 53.
45
What is the remainder when 26696 is divided by 2669?
6
Calculate the remainder when 2311 is divided by 468.
439
Calculate the remainder when 333